-12 + (-29 - -57) - 17?
-1
Calculate -6 + (-3 - 6 - -9 - -5) + -7.
-8
Calculate 8 - 6 - (-4 + 8 - 6) - 22.
-18
0 - (31 - (14 + -4))
-21
Evaluate -11 - (-10 + 16) - -13.
-4
1 + -11 - (-2 + -7 + 14 - 8)
-7
Calculate -1 + -2 + 1 + (-86 - -102) + 5.
19
84 + -62 - (0 - -11) - 9 - -9
11
Evaluate (-38 - -3) + (5 - (11 + -16)).
-25
Calculate (-44 - (-28 + 1)) + 24.
7
What is (0 - 11) + (79 - 71)?
-3
Evaluate (12 - 40) + 5 - -46.
23
What is the value of 26 + -27 + -32 + 34?
1
What is the value of (1 - 7) + (2 + -6 + 8 - 10)?
-12
What is the value of -11 - (3 + 1 + -4)?
-11
-5 - (-3 + 2) - (214 + -224)
6
Calculate -12 + (-5 - -33) + -13.
3
What is 11 - (4 + 2 - (-46 + 63))?
22
Evaluate 13 - (11 + -22 - -14).
10
What is -44 + 2 + (-336 - -376)?
-2
Evaluate -10 - -16 - (7 - (-8 + 0)).
-9
What is the value of -296 - -296 - ((13 - 1) + (-1 - -3))?
-14
(-1183 - -1185) + (-1 - -1)
2
-82 - -97 - (-1 + 13)
3
Evaluate (0 - (3 - 6) - 24) + (65 - 60).
-16
Calculate -257 + 253 - (-7 + 0).
3
What is the value of (-7 - 0) + (7 - (-20 + 30))?
-10
Calculate (0 - 3) + (-109 - -106) - 4.
-10
Evaluate 1 - (-4 + -4 + 3 - (-13 - -11)).
4
What is the value of 11 + -4 - (19 + -5 + (4 - 2))?
-9
What is the value of (-4 - -8) + 5 + -3 + 12 + 7?
25
Calculate (-234 - -250) + (-9 - 0).
7
What is the value of 27 + 30 + -8 - 30?
19
What is 8 + -20 - -15 - (25 - -6)?
-28
What is the value of (-15 - (4 - 7)) + 31?
19
What is (-11 - (1 + -11) - 0) + 4?
3
What is 7 + ((36 - 14) + -10 - 24)?
-5
Calculate -3 + (-5 - (-21 - -25)).
-12
What is the value of 31 - ((25 - 18) + 11)?
13
What is the value of 17 + (-32 + 19 + -16 - 9)?
-21
What is -3 + -5 - -14 - 10?
-4
What is the value of -22 + (17 + -16 + 12 - 5)?
-14
Evaluate -6 + -1 + -27 + 35.
1
-4 + (17 - 18) + 0 + 0
-5
What is -5 + 2 + 9 + 5 + (-3 - 2)?
6
Evaluate 23 + 10 + -46 - 16.
-29
2 + (27 - (9 - -14))
6
-188 + 192 - ((2 - (3 + -2)) + -6)
9
What is (39 - 26 - (0 + 5)) + -20 + -4?
-16
-6 + (-3 - (-3 - -9) - -16)
1
-18 + (-11 - -17 - -26)
14
What is the value of -9 + (-1 - (5 - 1)) + 2?
-12
What is the value of (10 + -14 - 2 - 23) + -1 + 9?
-21
What is the value of -19 + (-31 - -25 - (-2 + -5))?
-18
What is the value of 7 - 21 - -3 - 10?
-21
What is -2 + (-5 - -3 - (1 - (2 - -3)))?
0
Calculate -2 - (1 + 3 + -4 - (33 - 19)).
12
What is the value of -5 - -2 - (76 + -81) - 13?
-11
What is the value of (2 - (5 - (-18 + 2))) + 2?
-17
Evaluate 5 + (7 - (-7 - 0)) - 7.
12
Calculate (-11 - 0) + (9 - (20 - 18)) - -13.
9
(-26 - -58) + -5 + -3 + 2 + -1
25
Evaluate -14 + 27 + -27 - -5 - -14.
5
20 - 2 - (45 + -50)
23
Evaluate -39 + (-3 - -16) - (-1 + 9 + 0).
-34
What is the value of 10 - 16 - 4 - (-26 - -1)?
15
What is (39 - 31) + (-15 - -7) + 3 + 33?
36
What is the value of -2 + (-13 - ((-8 - -3) + -2))?
-8
Evaluate 687 + -727 + (18 - 1).
-23
Calculate -13 + (18 - -14 - 8).
11
What is the value of 17 - (36 - 37 - -17)?
1
Calculate (-25 + 14 - -37) + -15.
11
Evaluate 5 - 16 - (-15 - 11) - 8.
7
-15 + 6 + 13 + -10 + 23 + 0
17
What is 16 + (6 - 20) + -12 + 18?
8
Calculate 0 + -3 - (-25 - (6 - (4 - -4))).
20
What is (-5 - ((-1 - 0) + 21 + -41)) + -3?
13
Calculate 1 + 13 + -10 + -2.
2
What is (0 - -39 - 32) + (-1 - 0)?
6
Calculate 1 + 3 + -31 + 6 + 12.
-9
Evaluate 23 - (43 + -16 - 13).
9
What is the value of 13 + -37 + 32 + -1 + 5?
12
What is -7 + 1 + (3 - (-6 - 1) - 0)?
4
6 + (-4 + (-11 - -29) - 11)
9
Calculate 6 + 0 + (-10 - 3).
-7
12 + -8 + -11 + (-4 - -4) + -27
-34
Calculate 0 + -34 + 30 + 1.
-3
Calculate -87 + 79 + -4 + -1 + 6.
-7
Calculate (-4 - -1) + 34 + -22 + 5.
14
Calculate (-3 + 3 - -6) + (16 - 11).
11
What is -3 + (-1 + -6 - (15 + 18 + -52))?
9
Evaluate 6 + 12 + -4 + -20 + (-1 - 10).
-17
What is -26 + (4 - (-5 - (7 + (-7 - 1))))?
-18
Calculate 9 - (2 + (9 - -6)).
-8
What is the value of (-1179 - -1184) + (-1 - 0 - 1)?
3
(3 - 5) + 5 + -31
-28
What is 38 - -1 - (174 - 154)?
19
Calculate 0 - -21 - (522 - 516).
15
What is the value of 32 - ((48 - 33) + -25)?
42
What is the value of 7 + (-4 - (-8 - -18)) - -34?
27
What is the value of -5 - (-35 + 12 - -13 - (2 + -17))?
-10
What is 40 + (-21 + 17 - 16)?
20
Evaluate 43 + (-43 + 8 - -4).
12
Calculate (-14 - (-37 + 15)) + -11 - 13.
-16
7 + (15 - (5 + (5 - -3 - 10)))
19
Calculate -4 - ((14 - -4) + -3).
-19
8 + (-13 - 4) + 20 + -15
-4
What is (-14 - 3) + (0 - (-3 + (4 - -2)))?
-20
Evaluate (-4 - 0 - 1) + 8 + 5 + 8.
16
(-42 + 39 - (-6 - -1)) + 0
2
Calculate (5 - -5) + -12 - -4.
2
(1 - (-25 - -11)) + -7
8
87 + -84 - (10 - 0)
-7
Evaluate -12 - (0 - (6 + (4 - 6 - 3))).
-11
Evaluate -142 + 138 + -4 + 0 + 0.
-8
Calculate 609 + -630 - (0 + -12 + 0).
-9
What is 0 - ((1 - (-5 - -1)) + -13)?
8
Evaluate (9 - 14) + -2 + 14.
7
Calculate 7 + -1 - (85 + -77).
-2
Evaluate (-1 - -6) + -8 - (10 - 0 - -15).
-28
Evaluate 0 + 2 - (9 + -27 + 3 - -12).
5
Evaluate 1 + 16 + 38 + -57.
-2
What is (-44 - 30) + 54 + (-1 - -11)?
-10
Calculate -1 - -31 - (0 - 20 - -25 - -3).
22
What is the value of 8 + (14 - (-10 + 25))?
7
-12 + -1 + (7 - 5)
-11
(-9 - (1 - (12 + (-9 - -5)))) + 7
5
What is (7 - (6 + 11)) + 6?
-4
What is (-16 - -5) + (11 - 8)?
-8
What is -27 + 21 + 15 + 2?
11
What is -14 + (11 + -7 - -21)?
11
What is 60 + (-13 - 23) + -6 + 0?
18
Calculate -7 + 20 - 6 - (-15 - 6).
28
Evaluate (-1 + (-5 - -2) + -2 - 15) + 6.
-15
What is -7 - 6 - -9 - -8 - -3?
7
What is (7 - 6 - (12 - 13)) + 2 + -2?
2
What is 11 + -4 + (0 - -11 - 7)?
11
-1 + -3 - (-10 + 18)
-12
2 + 17 - (-38 + -6 - -38)
25
What is the value of 2 - 2 - (-8 - (12 + (-8 - -11)))?
23
Evaluate 7 + 4 + -40 + 27 + (-1 - 4).
-7
Calculate (11 - 3) + (16 - (10 - 1)).
15
What is the value of (9 - -1) + (70 - 83) + -7?
-10
Calculate 18 - (27 + 21 + -33).
3
What is the value of (-19 - (-5 + 5)) + 6 + -14 + -2?
-29
-16 + 14 + (-1 - 7) + (75 - 62)
3
What is the value of 2 - -10 - (-1 - (6 + 0) - -3)?
16
What is the value of -33 - ((-14 - -10) + -30)?
1
What is 37 + 0 + (745 - 769)?
13
-3 - (-15 + 10 + -4)
6
What is 3 - 26 - (23 - 32)?
-14
1 - 11 - (-704 - -687)
7
9 + 4 + 2 + -1 + -8
6
4 + -3 - -4 - (148 + -132)
-11
Calculate -1 - (-26 + 25) - (-11 - -2).
9
What is the value of -13 + 13 - (-1 + -22)?
23
Calculate ((-2 - 20) + 17 - -8) + -15.
-12
What is the value of -84 + 88 + 0 + -4 - (1 - 8)?
7
4 + -25 + 16 + -10
-15
What is the value of -15 + (2 - -6 - -3 - 9)?
-13
-2 - -3 - 3 - 13 - -9
-6
What is (3 - 2) + -2 - ((34 - 98) + 67)?
-4
Evaluate 122 - 116 - (-2 + 0 + 15).
-7
Calculate -2 + 21 + -8 + 11 + (-8 - -1).
15
Evaluate 8 - (-7 - (9 - 10) - (-2 - 10)).
2
What is (37 - 40) + (-12 - -1) - -11?
-3
(122 - 113) + (0 + 3 - -2)
14
What is 12 + -21 - (7 + 1 - 23)?
6
What is 1 - (-29 + 15) - (1 + 2)?
12
What is -3 - (1 + 5 + -33 + 24)?
0
Evaluate 33 + 13 + 1 + -38.
9
-19 - (26 + 3 + -52)
4
Evaluate (-52 - -37) + 5 + -4 + -15.
-29
What is -30 + 20 + (18 + -9 - 20)?
-21
-19 - (26 + 12) - -42
-15
Evaluate -148 + 131 + (10 - 0).
-7
-10 + 20 + 1 + -7 + 5
9
What is 12 - ((-8 - -11) + -12) - -3?
24
What is the value of 0 + (-13 - (-11 - -3) - -8) + -1?
2
Calculate (-2 - -5) + -2 + -2 - 1 - -5.
3
-11 - -2 - (-1030 - -997)
24
What is (-22 - 10) + (91 - 38)?
21
Evaluate (-11 - (5 - -2)) + -2 + 12 - 3.
-11
What is the value of -37 + 66 + -44 - (-9 - (0 + 0))?
-6
What is -3 - (-1 + (-5 + (4 - 3) - 2))?
4
Calculate 15 + -2 + (9 - 5 - 6).
11
Calculate 0 - 43 - (8 + -24 + 5).
-32
What is (-5 - -1 - 0) + 11 + (17 - 25)?
-1
5 + 5 + 1 + -3 + (13 - 6)
15
Calculate 6 + (11 + (2 - -3) - (0 - 0)).
22
Evaluate 38 + -3 + -28 + 21 - -3.
31
What is the value of (-2 - 5) + (-6 - (-6 - 6) - 3)?
-4
Calculate 12 - (-2 - -42 - (-5 + 17)).
-16
Evaluate 6 + -69 - -22 - -23.
-18
Evaluate -33 + (54 - (49 - 5)).
-23
(7 - -2) + -56 + 40 + 49 + -4
38
Calculate -6 - (-8 + -20) - -14 - 12.
24
Evaluate 35 - (12 + 41) - (1 + -14).
-5
Calculate -27 + 21 + (-4 - (6 + -6)).
-10
Evaluate 3 - ((4 - 8) + (5 - -2) - 8).
8
What is -5 - (2 - (16 + -9 - 1))?
-1
Evaluate (-3 - -19) + -25 + 6.
-3
What is -31 + (15 + -33 + 25 - (0 + -3))?
-21
(-2 + (-10 - 0) + 17 - 9) + -4
-8
Evaluate 0 + 0 + (-8 - -4).
-4
23 - (47 + 10) - (-7 + -1)
-26
What is -5 - (15 + -72 - -41)?
11
What is -21 + 1 + (-8 - 0 - -3) + 6?
-19
What is the value of 6 + (-19 - -29 - (3 + 2 + 0))?
11
What is 20 - (-32 - -26) - 9?
17
(21 - (23 + -26)) + -20
4
-2 + 13 + -3 + (-